{"id":3396,"date":"2018-09-03T13:01:47","date_gmt":"2018-09-03T11:01:47","guid":{"rendered":"https:\/\/www.alphalibrae.ch\/nos-services\/"},"modified":"2024-12-06T10:05:39","modified_gmt":"2024-12-06T09:05:39","slug":"nos-services","status":"publish","type":"page","link":"https:\/\/www.alphalibrae.ch\/fr\/nos-services\/","title":{"rendered":"Nos services"},"content":{"rendered":"<div class=\"wpb-content-wrapper\"><p>[vc_row][vc_column offset=\u00a0\u00bbvc_col-lg-6 vc_col-md-6&Prime;]<div class=\"gt-award-list\"><div class=\"gt-item\"><div class=\"gt-container\"><div class=\"gt-content\"><div class=\"gt-box\"><div class=\"gt-subtitle\">Conseil global sur l\u2019op\u00e9ration<\/div><\/div><\/div><\/div><\/div><div class=\"gt-item\"><div class=\"gt-container\"><div class=\"gt-content\"><div class=\"gt-box\"><div class=\"gt-subtitle\">Planification et budg\u00e9tisation des projets<\/div><\/div><\/div><\/div><\/div><div class=\"gt-item\"><div class=\"gt-container\"><div class=\"gt-content\"><div class=\"gt-box\"><div class=\"gt-subtitle\">Contr\u00f4le du budget pr\u00e9visionnel<\/div><\/div><\/div><\/div><\/div><div class=\"gt-item\"><div class=\"gt-container\"><div class=\"gt-content\"><div class=\"gt-box\"><div class=\"gt-subtitle\">Gestion financi\u00e8re globale<\/div><\/div><\/div><\/div><\/div><div class=\"gt-item\"><div class=\"gt-container\"><div class=\"gt-content\"><div class=\"gt-box\"><div class=\"gt-subtitle\">Organisation op\u00e9rationnelle pour obtenir les autorisations l\u00e9gales n\u00e9cessaires<\/div><\/div><\/div><\/div><\/div><div class=\"gt-item\"><div class=\"gt-container\"><div class=\"gt-content\"><div class=\"gt-box\"><div class=\"gt-subtitle\">Audits techniques pour la construction<\/div><\/div><\/div><\/div><\/div><div class=\"gt-item\"><div class=\"gt-container\"><div class=\"gt-content\"><div class=\"gt-box\"><div class=\"gt-subtitle\">Pr\u00e9paration des cahiers des charges et des sp\u00e9cifications techniques<\/div><\/div><\/div><\/div><\/div><div class=\"gt-item\"><div class=\"gt-container\"><div class=\"gt-content\"><div class=\"gt-box\"><div class=\"gt-subtitle\">D\u00e9finition des crit\u00e8res de contr\u00f4le qualit\u00e9<\/div><\/div><\/div><\/div><\/div><div class=\"gt-item\"><div class=\"gt-container\"><div class=\"gt-content\"><div class=\"gt-box\"><div class=\"gt-subtitle\">D\u00e9finition des proc\u00e9dures de contr\u00f4le<\/div><\/div><\/div><\/div><\/div><div class=\"gt-item\"><div class=\"gt-container\"><div class=\"gt-content\"><div class=\"gt-box\"><div class=\"gt-subtitle\">S\u00e9lection des entrepreneurs<\/div><\/div><\/div><\/div><\/div><\/div>[vc_empty_space height=\u00a0\u00bb30px\u00a0\u00bb][\/vc_column][vc_column offset=\u00a0\u00bbvc_col-lg-6 vc_col-md-6&Prime;]<div class=\"gt-award-list\"><div class=\"gt-item\"><div class=\"gt-container\"><div class=\"gt-content\"><div class=\"gt-box\"><div class=\"gt-subtitle\">Attribution des contrats de sous-traitance<\/div><\/div><\/div><\/div><\/div><div class=\"gt-item\"><div class=\"gt-container\"><div class=\"gt-content\"><div class=\"gt-box\"><div class=\"gt-subtitle\">Gestion des contrats<\/div><\/div><\/div><\/div><\/div><div class=\"gt-item\"><div class=\"gt-container\"><div class=\"gt-content\"><div class=\"gt-box\"><div class=\"gt-subtitle\">Formation des \u00e9quipes d\u2019experts<\/div><\/div><\/div><\/div><\/div><div class=\"gt-item\"><div class=\"gt-container\"><div class=\"gt-content\"><div class=\"gt-box\"><div class=\"gt-subtitle\">Direction des travaux<\/div><\/div><\/div><\/div><\/div><div class=\"gt-item\"><div class=\"gt-container\"><div class=\"gt-content\"><div class=\"gt-box\"><div class=\"gt-subtitle\">R\u00e9novation, construction, am\u00e9nagement et reconversion des espaces<\/div><\/div><\/div><\/div><\/div><div class=\"gt-item\"><div class=\"gt-container\"><div class=\"gt-content\"><div class=\"gt-box\"><div class=\"gt-subtitle\">Mise en \u0153uvre des proc\u00e9dures de contr\u00f4le<\/div><\/div><\/div><\/div><\/div><div class=\"gt-item\"><div class=\"gt-container\"><div class=\"gt-content\"><div class=\"gt-box\"><div class=\"gt-subtitle\">Contr\u00f4le du budget final<\/div><\/div><\/div><\/div><\/div><div class=\"gt-item\"><div class=\"gt-container\"><div class=\"gt-content\"><div class=\"gt-box\"><div class=\"gt-subtitle\">Mise en service et remise de l\u2019objet<\/div><\/div><\/div><\/div><\/div><div class=\"gt-item\"><div class=\"gt-container\"><div class=\"gt-content\"><div class=\"gt-box\"><div class=\"gt-subtitle\">Service apr\u00e8s-vente et gestion immobili\u00e8re<\/div><\/div><\/div><\/div><\/div><div class=\"gt-item\"><div class=\"gt-container\"><div class=\"gt-content\"><div class=\"gt-box\"><div class=\"gt-subtitle\">Services de conseil en art (Art Advisory)<\/div><\/div><\/div><\/div><\/div><\/div>[vc_empty_space height=\u00a0\u00bb30px\u00a0\u00bb][\/vc_column][\/vc_row][vc_row][vc_column][vc_row_inner css=\u00a0\u00bb.vc_custom_1729085734293{background-position: center !important;background-repeat: no-repeat !important;background-size: cover !important;}\u00a0\u00bb][vc_column_inner][vc_single_image image=\u00a0\u00bb3539&Prime; img_size=\u00a0\u00bbfull\u00a0\u00bb css=\u00a0\u00bb\u00a0\u00bb][\/vc_column_inner][\/vc_row_inner][vc_column_text css=\u00a0\u00bb\u00a0\u00bb]<\/p>\n<blockquote>\n<p><strong>En travaillant avec des concepteurs exp\u00e9riment\u00e9s, nous proposons des solutions <\/strong><strong>personnalis\u00e9es de r\u00e9am\u00e9nagement et de r\u00e9novation de biens immobiliers, adapt\u00e9es <\/strong><strong>aux besoins des investisseurs. La modernisation des b\u00e2timents est r\u00e9alis\u00e9e en mettant <\/strong><strong>l\u2019accent sur la durabilit\u00e9 \u00e9nerg\u00e9tique et l\u2019int\u00e9gration des technologies domotiques les <\/strong><strong>plus avanc\u00e9es, dans le but d\u2019am\u00e9liorer de mani\u00e8re significative la qualit\u00e9 de vie de nos <\/strong><strong>clients. Tout cela se fait dans le respect du territoire et la protection des particularit\u00e9s <\/strong><strong>du paysage, en assurant un \u00e9quilibre harmonieux entre l\u2019innovation et la pr\u00e9servation <\/strong><strong>de l\u2019environnement.<\/strong><\/p>\n<\/blockquote>\n<p>[\/vc_column_text][\/vc_column][\/vc_row]<\/p>\n<\/div>","protected":false},"excerpt":{"rendered":"<p>[vc_row][vc_column offset=\u00a0\u00bbvc_col-lg-6 vc_col-md-6&Prime;][vc_empty_space height=\u00a0\u00bb30px\u00a0\u00bb][\/vc_column][vc_column offset=\u00a0\u00bbvc_col-lg-6 vc_col-md-6&Prime;][vc_empty_space height=\u00a0\u00bb30px\u00a0\u00bb][\/vc_column][\/vc_row][vc_row][vc_column][vc_row_inner css=\u00a0\u00bb.vc_custom_1729085734293{background-position: center !important;background-repeat: no-repeat !important;background-size: cover !important;}\u00a0\u00bb][vc_column_inner][vc_single_image image=\u00a0\u00bb3539&Prime; img_size=\u00a0\u00bbfull\u00a0\u00bb css=\u00a0\u00bb\u00a0\u00bb][\/vc_column_inner][\/vc_row_inner][vc_column_text css=\u00a0\u00bb\u00a0\u00bb] En travaillant avec des concepteurs exp\u00e9riment\u00e9s, nous proposons des solutions personnalis\u00e9es de&#8230;<\/p>\n","protected":false},"author":1,"featured_media":0,"parent":0,"menu_order":0,"comment_status":"closed","ping_status":"closed","template":"","meta":{"footnotes":""},"class_list":["post-3396","page","type-page","status-publish","hentry"],"_links":{"self":[{"href":"https:\/\/www.alphalibrae.ch\/fr\/wp-json\/wp\/v2\/pages\/3396","targetHints":{"allow":["GET"]}}],"collection":[{"href":"https:\/\/www.alphalibrae.ch\/fr\/wp-json\/wp\/v2\/pages"}],"about":[{"href":"https:\/\/www.alphalibrae.ch\/fr\/wp-json\/wp\/v2\/types\/page"}],"author":[{"embeddable":true,"href":"https:\/\/www.alphalibrae.ch\/fr\/wp-json\/wp\/v2\/users\/1"}],"replies":[{"embeddable":true,"href":"https:\/\/www.alphalibrae.ch\/fr\/wp-json\/wp\/v2\/comments?post=3396"}],"version-history":[{"count":17,"href":"https:\/\/www.alphalibrae.ch\/fr\/wp-json\/wp\/v2\/pages\/3396\/revisions"}],"predecessor-version":[{"id":3543,"href":"https:\/\/www.alphalibrae.ch\/fr\/wp-json\/wp\/v2\/pages\/3396\/revisions\/3543"}],"wp:attachment":[{"href":"https:\/\/www.alphalibrae.ch\/fr\/wp-json\/wp\/v2\/media?parent=3396"}],"curies":[{"name":"wp","href":"https:\/\/api.w.org\/{rel}","templated":true}]}}

<div class="wpb-content-wrapper"><p>[vc_row][vc_column offset= »vc_col-lg-6 vc_col-md-6&Prime;]<div class="gt-award-list"><div class="gt-item"><div class="gt-container"><div class="gt-content"><div class="gt-box"><div class="gt-subtitle">Conseil global sur l’opération</div></div></div></div></div><div class="gt-item"><div class="gt-container"><div class="gt-content"><div class="gt-box"><div class="gt-subtitle">Planification et budgétisation des projets</div></div></div></div></div><div class="gt-item"><div class="gt-container"><div class="gt-content"><div class="gt-box"><div class="gt-subtitle">Contrôle du budget prévisionnel</div></div></div></div></div><div class="gt-item"><div class="gt-container"><div class="gt-content"><div class="gt-box"><div class="gt-subtitle">Gestion financière globale</div></div></div></div></div><div class="gt-item"><div class="gt-container"><div class="gt-content"><div class="gt-box"><div class="gt-subtitle">Organisation opérationnelle pour obtenir les autorisations légales nécessaires</div></div></div></div></div><div class="gt-item"><div class="gt-container"><div class="gt-content"><div class="gt-box"><div class="gt-subtitle">Audits techniques pour la construction</div></div></div></div></div><div class="gt-item"><div class="gt-container"><div class="gt-content"><div class="gt-box"><div class="gt-subtitle">Préparation des cahiers des charges et des spécifications techniques</div></div></div></div></div><div class="gt-item"><div class="gt-container"><div class="gt-content"><div class="gt-box"><div class="gt-subtitle">Définition des critères de contrôle qualité</div></div></div></div></div><div class="gt-item"><div class="gt-container"><div class="gt-content"><div class="gt-box"><div class="gt-subtitle">Définition des procédures de contrôle</div></div></div></div></div><div class="gt-item"><div class="gt-container"><div class="gt-content"><div class="gt-box"><div class="gt-subtitle">Sélection des entrepreneurs</div></div></div></div></div></div>[vc_empty_space height= »30px »][/vc_column][vc_column offset= »vc_col-lg-6 vc_col-md-6&Prime;]<div class="gt-award-list"><div class="gt-item"><div class="gt-container"><div class="gt-content"><div class="gt-box"><div class="gt-subtitle">Attribution des contrats de sous-traitance</div></div></div></div></div><div class="gt-item"><div class="gt-container"><div class="gt-content"><div class="gt-box"><div class="gt-subtitle">Gestion des contrats</div></div></div></div></div><div class="gt-item"><div class="gt-container"><div class="gt-content"><div class="gt-box"><div class="gt-subtitle">Formation des équipes d’experts</div></div></div></div></div><div class="gt-item"><div class="gt-container"><div class="gt-content"><div class="gt-box"><div class="gt-subtitle">Direction des travaux</div></div></div></div></div><div class="gt-item"><div class="gt-container"><div class="gt-content"><div class="gt-box"><div class="gt-subtitle">Rénovation, construction, aménagement et reconversion des espaces</div></div></div></div></div><div class="gt-item"><div class="gt-container"><div class="gt-content"><div class="gt-box"><div class="gt-subtitle">Mise en œuvre des procédures de contrôle</div></div></div></div></div><div class="gt-item"><div class="gt-container"><div class="gt-content"><div class="gt-box"><div class="gt-subtitle">Contrôle du budget final</div></div></div></div></div><div class="gt-item"><div class="gt-container"><div class="gt-content"><div class="gt-box"><div class="gt-subtitle">Mise en service et remise de l’objet</div></div></div></div></div><div class="gt-item"><div class="gt-container"><div class="gt-content"><div class="gt-box"><div class="gt-subtitle">Service après-vente et gestion immobilière</div></div></div></div></div><div class="gt-item"><div class="gt-container"><div class="gt-content"><div class="gt-box"><div class="gt-subtitle">Services de conseil en art (Art Advisory)</div></div></div></div></div></div>[vc_empty_space height= »30px »][/vc_column][/vc_row][vc_row][vc_column][vc_row_inner css= ».vc_custom_1729085734293{background-position: center !important;background-repeat: no-repeat !important;background-size: cover !important;} »][vc_column_inner][vc_single_image image= »3539&Prime; img_size= »full » css= » »][/vc_column_inner][/vc_row_inner][vc_column_text css= » »]</p>
<blockquote>
<p><strong>En travaillant avec des concepteurs expérimentés, nous proposons des solutions </strong><strong>personnalisées de réaménagement et de rénovation de biens immobiliers, adaptées </strong><strong>aux besoins des investisseurs. La modernisation des bâtiments est réalisée en mettant </strong><strong>l’accent sur la durabilité énergétique et l’intégration des technologies domotiques les </strong><strong>plus avancées, dans le but d’améliorer de manière significative la qualité de vie de nos </strong><strong>clients. Tout cela se fait dans le respect du territoire et la protection des particularités </strong><strong>du paysage, en assurant un équilibre harmonieux entre l’innovation et la préservation </strong><strong>de l’environnement.</strong></p>
</blockquote>
<p>[/vc_column_text][/vc_column][/vc_row]</p>
</div>

<p>[vc_row][vc_column offset= »vc_col-lg-6 vc_col-md-6&Prime;][vc_empty_space height= »30px »][/vc_column][vc_column offset= »vc_col-lg-6 vc_col-md-6&Prime;][vc_empty_space height= »30px »][/vc_column][/vc_row][vc_row][vc_column][vc_row_inner css= ».vc_custom_1729085734293{background-position: center !important;background-repeat: no-repeat !important;background-size: cover !important;} »][vc_column_inner][vc_single_image image= »3539&Prime; img_size= »full » css= » »][/vc_column_inner][/vc_row_inner][vc_column_text css= » »] En travaillant avec des concepteurs expérimentés, nous proposons des solutions personnalisées de&#8230;</p>
